{"id":4652,"date":"2025-04-22T18:40:29","date_gmt":"2025-04-22T16:40:29","guid":{"rendered":"https:\/\/clonsuizo.es\/?post_type=product&#038;p=4652"},"modified":"2025-04-24T22:13:04","modified_gmt":"2025-04-24T20:13:04","slug":"rolex-datejust-41-mint-green-41mm-ref-126334","status":"publish","type":"product","link":"https:\/\/clonsuizo.es\/?product=rolex-datejust-41-mint-green-41mm-ref-126334","title":{"rendered":"Rolex Datejust 41 Mint Green 41mm ref. 126334"},"content":{"rendered":"<h3 class=\"\" data-start=\"131\" data-end=\"261\"><strong data-start=\"135\" data-end=\"261\">Rolex Datejust 41 Mint Green Dial \u2013 Ref. 126334 | Reloj Cl\u00e1sico R\u00e9plica Suiza 1:1 en Rolesor Blanco con Esfera Verde Menta<\/strong><\/h3>\n<p class=\"\" data-start=\"263\" data-end=\"757\">El <strong data-start=\"266\" data-end=\"298\">Rolex Datejust 41 Mint Green<\/strong>, referencia <strong data-start=\"311\" data-end=\"321\">126334<\/strong>, es una edici\u00f3n moderna, fresca y sofisticada que ha capturado la atenci\u00f3n de coleccionistas y amantes de la relojer\u00eda por su <strong data-start=\"448\" data-end=\"470\">esfera verde menta<\/strong> con acabado soleil. Combinando <strong data-start=\"502\" data-end=\"527\">acero inoxidable 904L<\/strong> con <strong data-start=\"532\" data-end=\"563\">oro blanco de 18k (Rolesor)<\/strong>, este modelo ofrece un equilibrio perfecto entre <strong data-start=\"613\" data-end=\"659\">elegancia contempor\u00e1nea y herencia cl\u00e1sica<\/strong>. Esta r\u00e9plica suiza 1:1 reproduce con m\u00e1xima precisi\u00f3n la est\u00e9tica y funcionamiento del original.<\/p>\n<p class=\"\" data-start=\"759\" data-end=\"1129\"><strong data-start=\"762\" data-end=\"807\">Color Exclusivo con Car\u00e1cter Vanguardista<\/strong> La <strong data-start=\"811\" data-end=\"833\">esfera verde menta<\/strong> cambia sutilmente con la luz, proyectando tonos que van del plateado al verde claro, aportando un estilo refrescante y refinado. Acompa\u00f1ado por <strong data-start=\"978\" data-end=\"1003\">\u00edndices luminiscentes<\/strong>, <strong data-start=\"1005\" data-end=\"1037\">bisel estriado en oro blanco<\/strong> y <strong data-start=\"1040\" data-end=\"1059\">pulsera Jubilee<\/strong>, este reloj transmite una presencia moderna con distinci\u00f3n atemporal.<\/p>\n<hr class=\"\" data-start=\"1131\" data-end=\"1134\" \/>\n<h3 class=\"\" data-start=\"1136\" data-end=\"1169\"><strong data-start=\"1140\" data-end=\"1169\">Especificaciones T\u00e9cnicas<\/strong><\/h3>\n<ul data-start=\"1170\" data-end=\"1807\">\n<li class=\"\" data-start=\"1170\" data-end=\"1213\">\n<p class=\"\" data-start=\"1172\" data-end=\"1213\"><strong data-start=\"1172\" data-end=\"1182\">Modelo<\/strong>: Datejust 41 Mint Green Dial<\/p>\n<\/li>\n<li class=\"\" data-start=\"1214\" data-end=\"1240\">\n<p class=\"\" data-start=\"1216\" data-end=\"1240\"><strong data-start=\"1216\" data-end=\"1230\">Referencia<\/strong>: 126334<\/p>\n<\/li>\n<li class=\"\" data-start=\"1241\" data-end=\"1272\">\n<p class=\"\" data-start=\"1243\" data-end=\"1272\"><strong data-start=\"1243\" data-end=\"1263\">Di\u00e1metro de caja<\/strong>: 41 mm<\/p>\n<\/li>\n<li class=\"\" data-start=\"1273\" data-end=\"1346\">\n<p class=\"\" data-start=\"1275\" data-end=\"1346\"><strong data-start=\"1275\" data-end=\"1287\">Material<\/strong>: Rolesor blanco (acero inoxidable 904L + oro blanco 18k)<\/p>\n<\/li>\n<li class=\"\" data-start=\"1347\" data-end=\"1402\">\n<p class=\"\" data-start=\"1349\" data-end=\"1402\"><strong data-start=\"1349\" data-end=\"1360\">Cristal<\/strong>: Zafiro antirreflejos con lente Cyclops<\/p>\n<\/li>\n<li class=\"\" data-start=\"1403\" data-end=\"1444\">\n<p class=\"\" data-start=\"1405\" data-end=\"1444\"><strong data-start=\"1405\" data-end=\"1414\">Bisel<\/strong>: Estriado en oro blanco 18k<\/p>\n<\/li>\n<li class=\"\" data-start=\"1445\" data-end=\"1508\">\n<p class=\"\" data-start=\"1447\" data-end=\"1508\"><strong data-start=\"1447\" data-end=\"1455\">Dial<\/strong>: Verde menta (mint green) con acabado rayos de sol<\/p>\n<\/li>\n<li class=\"\" data-start=\"1509\" data-end=\"1560\">\n<p class=\"\" data-start=\"1511\" data-end=\"1560\"><strong data-start=\"1511\" data-end=\"1525\">Marcadores<\/strong>: \u00cdndices aplicados luminiscentes<\/p>\n<\/li>\n<li class=\"\" data-start=\"1561\" data-end=\"1615\">\n<p class=\"\" data-start=\"1563\" data-end=\"1615\"><strong data-start=\"1563\" data-end=\"1577\">Movimiento<\/strong>: Autom\u00e1tico Suizo clonado Cal. 3235<\/p>\n<\/li>\n<li class=\"\" data-start=\"1616\" data-end=\"1651\">\n<p class=\"\" data-start=\"1618\" data-end=\"1651\"><strong data-start=\"1618\" data-end=\"1639\">Reserva de marcha<\/strong>: 70 horas<\/p>\n<\/li>\n<li class=\"\" data-start=\"1652\" data-end=\"1713\">\n<p class=\"\" data-start=\"1654\" data-end=\"1713\"><strong data-start=\"1654\" data-end=\"1667\">Funciones<\/strong>: Fecha con cambio r\u00e1pido, segundero central<\/p>\n<\/li>\n<li class=\"\" data-start=\"1714\" data-end=\"1776\">\n<p class=\"\" data-start=\"1716\" data-end=\"1776\"><strong data-start=\"1716\" data-end=\"1727\">Pulsera<\/strong>: Jubilee en acero con cierre oculto Crownclasp<\/p>\n<\/li>\n<li class=\"\" data-start=\"1777\" data-end=\"1807\">\n<p class=\"\" data-start=\"1779\" data-end=\"1807\"><strong data-start=\"1779\" data-end=\"1795\">Hermeticidad<\/strong>: 100 metros<\/p>\n<\/li>\n<\/ul>\n<hr class=\"\" data-start=\"1809\" data-end=\"1812\" \/>\n<h3 class=\"\" data-start=\"1814\" data-end=\"1877\">\u2705 R\u00e9plica Suiza 1:1 \u2013 Precisi\u00f3n Visual y Mec\u00e1nica Impecable<\/h3>\n<p class=\"\" data-start=\"1878\" data-end=\"2123\">Esta r\u00e9plica reproduce fielmente el tono exacto de la esfera mint green, el brillo del bisel estriado y la suavidad de su movimiento. El calibre clonado <strong data-start=\"2031\" data-end=\"2039\">3235<\/strong> ofrece fechador activo, rotor grabado y una experiencia profesional 100% funcional.<\/p>\n<hr class=\"\" data-start=\"2125\" data-end=\"2128\" \/>\n<h3 class=\"\" data-start=\"2130\" data-end=\"2173\">\ud83d\ude80 Env\u00edo Internacional + Garant\u00eda Total<\/h3>\n<ul data-start=\"2174\" data-end=\"2339\">\n<li class=\"\" data-start=\"2174\" data-end=\"2205\">\n<p class=\"\" data-start=\"2176\" data-end=\"2205\">Env\u00edo asegurado con rastreo<\/p>\n<\/li>\n<li class=\"\" data-start=\"2206\" data-end=\"2256\">\n<p class=\"\" data-start=\"2208\" data-end=\"2256\">Garant\u00eda de devoluci\u00f3n de 30 d\u00edas por defectos<\/p>\n<\/li>\n<li class=\"\" data-start=\"2257\" data-end=\"2299\">\n<p class=\"\" data-start=\"2259\" data-end=\"2299\">Atenci\u00f3n personalizada en espa\u00f1ol 24\/7<\/p>\n<\/li>\n<li class=\"\" data-start=\"2300\" data-end=\"2339\">\n<p class=\"\" data-start=\"2302\" data-end=\"2339\">Pagos 100% protegidos con cifrado SSL<\/p>\n<\/li>\n<\/ul>\n<hr class=\"\" data-start=\"2341\" data-end=\"2344\" \/>\n<h3 class=\"\" data-start=\"2346\" data-end=\"2389\">\u00bfPor qu\u00e9 elegir el Datejust Mint Green?<\/h3>\n<p class=\"\" data-start=\"2390\" data-end=\"2568\">\u2714 Color exclusivo y moderno en tendencia<br data-start=\"2430\" data-end=\"2433\" \/>\u2714 Movimiento autom\u00e1tico suizo funcional<br data-start=\"2472\" data-end=\"2475\" \/>\u2714 R\u00e9plica exacta con acabados premium<br data-start=\"2512\" data-end=\"2515\" \/>\u2714 Perfecto para quienes buscan lujo con estilo fresco<\/p>\n","protected":false},"excerpt":{"rendered":"<p>Rolex Datejust 41 Mint Green Dial \u2013 Ref. 126334 | Reloj Cl\u00e1sico R\u00e9plica Suiza 1:1 en Rolesor Blanco con Esfera Verde Menta El Rolex Datejust 41 Mint Green, referencia 126334, es una edici\u00f3n moderna, fresca y sofisticada que ha capturado la atenci\u00f3n de coleccionistas y amantes de la relojer\u00eda por su esfera verde menta con [&hellip;]<\/p>\n","protected":false},"featured_media":4653,"template":"","meta":{"_acf_changed":false,"om_disable_all_campaigns":false,"_uag_custom_page_level_css":"","_monsterinsights_skip_tracking":false,"_monsterinsights_sitenote_active":false,"_monsterinsights_sitenote_note":"","_monsterinsights_sitenote_category":0,"site-sidebar-layout":"default","site-content-layout":"","ast-site-content-layout":"default","site-content-style":"default","site-sidebar-style":"default","ast-global-header-display":"","ast-banner-title-visibility":"","ast-main-header-display":"","ast-hfb-above-header-display":"","ast-hfb-below-header-display":"","ast-hfb-mobile-header-display":"","site-post-title":"","ast-breadcrumbs-content":"","ast-featured-img":"","footer-sml-layout":"","ast-disable-related-posts":"","theme-transparent-header-meta":"default","adv-header-id-meta":"","stick-header-meta":"","header-above-stick-meta":"","header-main-stick-meta":"","header-below-stick-meta":"","astra-migrate-meta-layouts":"set","ast-page-background-enabled":"default","ast-page-background-meta":{"desktop":{"background-color":"var(--ast-global-color-4)","background-image":"","background-repeat":"repeat","background-position":"center center","background-size":"auto","background-attachment":"scroll","background-type":"","background-media":"","overlay-type":"","overlay-color":"","overlay-opacity":"","overlay-gradient":""},"tablet":{"background-color":"","background-image":"","background-repeat":"repeat","background-position":"center center","background-size":"auto","background-attachment":"scroll","background-type":"","background-media":"","overlay-type":"","overlay-color":"","overlay-opacity":"","overlay-gradient":""},"mobile":{"background-color":"","background-image":"","background-repeat":"repeat","background-position":"center center","background-size":"auto","background-attachment":"scroll","background-type":"","background-media":"","overlay-type":"","overlay-color":"","overlay-opacity":"","overlay-gradient":""}},"ast-content-background-meta":{"desktop":{"background-color":"var(--ast-global-color-5)","background-image":"","background-repeat":"repeat","background-position":"center center","background-size":"auto","background-attachment":"scroll","background-type":"","background-media":"","overlay-type":"","overlay-color":"","overlay-opacity":"","overlay-gradient":""},"tablet":{"background-color":"var(--ast-global-color-5)","background-image":"","background-repeat":"repeat","background-position":"center center","background-size":"auto","background-attachment":"scroll","background-type":"","background-media":"","overlay-type":"","overlay-color":"","overlay-opacity":"","overlay-gradient":""},"mobile":{"background-color":"var(--ast-global-color-5)","background-image":"","background-repeat":"repeat","background-position":"center center","background-size":"auto","background-attachment":"scroll","background-type":"","background-media":"","overlay-type":"","overlay-color":"","overlay-opacity":"","overlay-gradient":""}}},"product_brand":[],"product_cat":[35],"product_tag":[],"class_list":{"0":"post-4652","1":"product","2":"type-product","3":"status-publish","4":"has-post-thumbnail","6":"product_cat-audemars-piguet","7":"desktop-align-left","8":"tablet-align-left","9":"mobile-align-left","11":"first","12":"instock","13":"shipping-taxable","14":"purchasable","15":"product-type-variable"},"acf":[],"aioseo_notices":[],"uagb_featured_image_src":{"full":["https:\/\/clonsuizo.es\/wp-content\/uploads\/2025\/04\/Rolex-GMT-Master-II-gold-jubilee-2025-04-22T112953.369.png",1030,1030,false],"thumbnail":["https:\/\/clonsuizo.es\/wp-content\/uploads\/2025\/04\/Rolex-GMT-Master-II-gold-jubilee-2025-04-22T112953.369-150x150.png",150,150,true],"medium":["https:\/\/clonsuizo.es\/wp-content\/uploads\/2025\/04\/Rolex-GMT-Master-II-gold-jubilee-2025-04-22T112953.369-300x300.png",300,300,true],"medium_large":["https:\/\/clonsuizo.es\/wp-content\/uploads\/2025\/04\/Rolex-GMT-Master-II-gold-jubilee-2025-04-22T112953.369-768x768.png",768,768,true],"large":["https:\/\/clonsuizo.es\/wp-content\/uploads\/2025\/04\/Rolex-GMT-Master-II-gold-jubilee-2025-04-22T112953.369-1024x1024.png",1024,1024,true],"1536x1536":["https:\/\/clonsuizo.es\/wp-content\/uploads\/2025\/04\/Rolex-GMT-Master-II-gold-jubilee-2025-04-22T112953.369.png",1030,1030,false],"2048x2048":["https:\/\/clonsuizo.es\/wp-content\/uploads\/2025\/04\/Rolex-GMT-Master-II-gold-jubilee-2025-04-22T112953.369.png",1030,1030,false],"mailpoet_newsletter_max":["https:\/\/clonsuizo.es\/wp-content\/uploads\/2025\/04\/Rolex-GMT-Master-II-gold-jubilee-2025-04-22T112953.369.png",1030,1030,false],"woocommerce_thumbnail":["https:\/\/clonsuizo.es\/wp-content\/uploads\/2025\/04\/Rolex-GMT-Master-II-gold-jubilee-2025-04-22T112953.369-420x420.png",420,420,true],"woocommerce_single":["https:\/\/clonsuizo.es\/wp-content\/uploads\/2025\/04\/Rolex-GMT-Master-II-gold-jubilee-2025-04-22T112953.369-380x380.png",380,380,true],"woocommerce_gallery_thumbnail":["https:\/\/clonsuizo.es\/wp-content\/uploads\/2025\/04\/Rolex-GMT-Master-II-gold-jubilee-2025-04-22T112953.369-100x100.png",100,100,true],"variation_swatches_image_size":["https:\/\/clonsuizo.es\/wp-content\/uploads\/2025\/04\/Rolex-GMT-Master-II-gold-jubilee-2025-04-22T112953.369-50x50.png",50,50,true],"variation_swatches_tooltip_size":["https:\/\/clonsuizo.es\/wp-content\/uploads\/2025\/04\/Rolex-GMT-Master-II-gold-jubilee-2025-04-22T112953.369-100x100.png",100,100,true]},"uagb_author_info":{"display_name":"Jose SoGay","author_link":"https:\/\/clonsuizo.es\/?author=0"},"uagb_comment_info":0,"uagb_excerpt":"Rolex Datejust 41 Mint Green Dial \u2013 Ref. 126334 | Reloj Cl\u00e1sico R\u00e9plica Suiza 1:1 en Rolesor Blanco con Esfera Verde Menta El Rolex Datejust 41 Mint Green, referencia 126334, es una edici\u00f3n moderna, fresca y sofisticada que ha capturado la atenci\u00f3n de coleccionistas y amantes de la relojer\u00eda por su esfera verde menta con&hellip;","_links":{"self":[{"href":"https:\/\/clonsuizo.es\/index.php?rest_route=\/wp\/v2\/product\/4652"}],"collection":[{"href":"https:\/\/clonsuizo.es\/index.php?rest_route=\/wp\/v2\/product"}],"about":[{"href":"https:\/\/clonsuizo.es\/index.php?rest_route=\/wp\/v2\/types\/product"}],"version-history":[{"count":2,"href":"https:\/\/clonsuizo.es\/index.php?rest_route=\/wp\/v2\/product\/4652\/revisions"}],"predecessor-version":[{"id":4841,"href":"https:\/\/clonsuizo.es\/index.php?rest_route=\/wp\/v2\/product\/4652\/revisions\/4841"}],"wp:featuredmedia":[{"embeddable":true,"href":"https:\/\/clonsuizo.es\/index.php?rest_route=\/wp\/v2\/media\/4653"}],"wp:attachment":[{"href":"https:\/\/clonsuizo.es\/index.php?rest_route=%2Fwp%2Fv2%2Fmedia&parent=4652"}],"wp:term":[{"taxonomy":"product_brand","embeddable":true,"href":"https:\/\/clonsuizo.es\/index.php?rest_route=%2Fwp%2Fv2%2Fproduct_brand&post=4652"},{"taxonomy":"product_cat","embeddable":true,"href":"https:\/\/clonsuizo.es\/index.php?rest_route=%2Fwp%2Fv2%2Fproduct_cat&post=4652"},{"taxonomy":"product_tag","embeddable":true,"href":"https:\/\/clonsuizo.es\/index.php?rest_route=%2Fwp%2Fv2%2Fproduct_tag&post=4652"}],"curies":[{"name":"wp","href":"https:\/\/api.w.org\/{rel}","templated":true}]}}