{"id":4874,"date":"2025-05-05T04:21:15","date_gmt":"2025-05-05T02:21:15","guid":{"rendered":"https:\/\/clonsuizo.es\/?post_type=product&#038;p=4874"},"modified":"2025-05-15T01:52:04","modified_gmt":"2025-05-14T23:52:04","slug":"patek-philippe-aquanaut-40mm-ref-5168g-001","status":"publish","type":"product","link":"https:\/\/clonsuizo.es\/?product=patek-philippe-aquanaut-40mm-ref-5168g-001","title":{"rendered":"Patek Philippe Aquanaut 40mm Ref. 5168G-001"},"content":{"rendered":"<div style=\"width: 1920px;\" class=\"wp-video\"><!--[if lt IE 9]><script>document.createElement('video');<\/script><![endif]-->\n<video class=\"wp-video-shortcode\" id=\"video-4874-1\" width=\"1920\" height=\"1080\" preload=\"metadata\" controls=\"controls\"><source type=\"video\/mp4\" src=\"https:\/\/clonsuizo.es\/wp-content\/uploads\/2025\/05\/CF.30-1.mp4?_=1\" \/><a href=\"https:\/\/clonsuizo.es\/wp-content\/uploads\/2025\/05\/CF.30-1.mp4\">https:\/\/clonsuizo.es\/wp-content\/uploads\/2025\/05\/CF.30-1.mp4<\/a><\/video><\/div>\n<h3 class=\"\" data-start=\"441\" data-end=\"563\">Patek Philippe Aquanaut Azul 40mm \u2013 Ref. 5167 Custom | Reloj Deportivo R\u00e9plica Suiza 1:1 con Estilo N\u00e1utico Moderno<\/h3>\n<p class=\"\" data-start=\"565\" data-end=\"999\">Este <strong data-start=\"570\" data-end=\"602\">Patek Philippe Aquanaut Azul<\/strong> combina el dise\u00f1o cl\u00e1sico de la colecci\u00f3n Aquanaut con un toque personalizado y moderno: esfera azul con efecto degradado, n\u00fameros ar\u00e1bigos blancos luminiscentes y correa de caucho azul deportivo. Aunque esta versi\u00f3n no existe oficialmente en el cat\u00e1logo de Patek en 40mm, esta r\u00e9plica suiza 1:1 fusiona detalles ic\u00f3nicos de modelos como el 5167A y el 5168G, logrando una pieza \u00fanica y llamativa.<\/p>\n<p class=\"\" data-start=\"1001\" data-end=\"1230\">\ud83d\udd35 <strong data-start=\"1004\" data-end=\"1044\">Dise\u00f1o Exclusivo de Estilo Deportivo<\/strong><br \/>\nLa esfera azul con patr\u00f3n cuadr\u00edcula y degradado hacia el borde se complementa con una caja de acero satinado y pulido. La correa azul resalta su car\u00e1cter juvenil, veraniego y elegante.<\/p>\n<hr class=\"\" data-start=\"1232\" data-end=\"1235\" \/>\n<h3 class=\"\" data-start=\"1237\" data-end=\"1266\">Especificaciones T\u00e9cnicas<\/h3>\n<ul data-start=\"1268\" data-end=\"1747\">\n<li class=\"\" data-start=\"1268\" data-end=\"1302\">\n<p class=\"\" data-start=\"1270\" data-end=\"1302\"><strong data-start=\"1270\" data-end=\"1281\">Modelo:<\/strong> Aquanaut 40mm Azul<\/p>\n<\/li>\n<li class=\"\" data-start=\"1303\" data-end=\"1334\">\n<p class=\"\" data-start=\"1305\" data-end=\"1334\"><strong data-start=\"1305\" data-end=\"1320\">Referencia:<\/strong> 5167 Custom<\/p>\n<\/li>\n<li class=\"\" data-start=\"1335\" data-end=\"1366\">\n<p class=\"\" data-start=\"1337\" data-end=\"1366\"><strong data-start=\"1337\" data-end=\"1358\">Di\u00e1metro de caja:<\/strong> 40 mm<\/p>\n<\/li>\n<li class=\"\" data-start=\"1367\" data-end=\"1406\">\n<p class=\"\" data-start=\"1369\" data-end=\"1406\"><strong data-start=\"1369\" data-end=\"1382\">Material:<\/strong> Acero inoxidable 316L<\/p>\n<\/li>\n<li class=\"\" data-start=\"1407\" data-end=\"1445\">\n<p class=\"\" data-start=\"1409\" data-end=\"1445\"><strong data-start=\"1409\" data-end=\"1421\">Cristal:<\/strong> Zafiro antirrayaduras<\/p>\n<\/li>\n<li class=\"\" data-start=\"1446\" data-end=\"1485\">\n<p class=\"\" data-start=\"1448\" data-end=\"1485\"><strong data-start=\"1448\" data-end=\"1458\">Bisel:<\/strong> Acero pulido tipo espejo<\/p>\n<\/li>\n<li class=\"\" data-start=\"1486\" data-end=\"1566\">\n<p class=\"\" data-start=\"1488\" data-end=\"1566\"><strong data-start=\"1488\" data-end=\"1497\">Dial:<\/strong> Azul degradado con textura grabada y n\u00fameros blancos luminiscentes<\/p>\n<\/li>\n<li class=\"\" data-start=\"1567\" data-end=\"1611\">\n<p class=\"\" data-start=\"1569\" data-end=\"1611\"><strong data-start=\"1569\" data-end=\"1584\">Movimiento:<\/strong> Autom\u00e1tico Suizo clonado<\/p>\n<\/li>\n<li class=\"\" data-start=\"1612\" data-end=\"1662\">\n<p class=\"\" data-start=\"1614\" data-end=\"1662\"><strong data-start=\"1614\" data-end=\"1628\">Funciones:<\/strong> Horas, minutos, segundos, fecha<\/p>\n<\/li>\n<li class=\"\" data-start=\"1663\" data-end=\"1714\">\n<p class=\"\" data-start=\"1665\" data-end=\"1714\"><strong data-start=\"1665\" data-end=\"1677\">Pulsera:<\/strong> Caucho azul con cierre desplegable<\/p>\n<\/li>\n<li class=\"\" data-start=\"1715\" data-end=\"1747\">\n<p class=\"\" data-start=\"1717\" data-end=\"1747\"><strong data-start=\"1717\" data-end=\"1734\">Hermeticidad:<\/strong> 100 metros<\/p>\n<\/li>\n<\/ul>\n<hr class=\"\" data-start=\"1749\" data-end=\"1752\" \/>\n<p class=\"\" data-start=\"1754\" data-end=\"2026\">\u2705 <strong data-start=\"1756\" data-end=\"1819\">R\u00e9plica Suiza 1:1 \u2013 Est\u00e9tica Personalizada con Alta Calidad<\/strong><br data-start=\"1819\" data-end=\"1822\" \/>Este modelo especial combina componentes ic\u00f3nicos con una presentaci\u00f3n \u00fanica. La esfera azul ofrece una est\u00e9tica fresca y juvenil, mientras el movimiento autom\u00e1tico suizo garantiza precisi\u00f3n y fiabilidad.<\/p>\n<hr class=\"\" data-start=\"2028\" data-end=\"2031\" \/>\n<p class=\"\" data-start=\"2033\" data-end=\"2085\">\ud83d\ude9a <strong data-start=\"2036\" data-end=\"2085\">Env\u00edo Garantizado + Tranquilidad en tu Compra<\/strong><\/p>\n<ul data-start=\"2087\" data-end=\"2240\">\n<li class=\"\" data-start=\"2087\" data-end=\"2122\">\n<p class=\"\" data-start=\"2089\" data-end=\"2122\">Env\u00edo asegurado con seguimiento<\/p>\n<\/li>\n<li class=\"\" data-start=\"2123\" data-end=\"2163\">\n<p class=\"\" data-start=\"2125\" data-end=\"2163\">Garant\u00eda de satisfacci\u00f3n por 30 d\u00edas<\/p>\n<\/li>\n<li class=\"\" data-start=\"2164\" data-end=\"2192\">\n<p class=\"\" data-start=\"2166\" data-end=\"2192\">Atenci\u00f3n en espa\u00f1ol 24\/7<\/p>\n<\/li>\n<li class=\"\" data-start=\"2193\" data-end=\"2240\">\n<p class=\"\" data-start=\"2195\" data-end=\"2240\">Pagos protegidos mediante sistemas cifrados<\/p>\n<\/li>\n<\/ul>\n<hr class=\"\" data-start=\"2242\" data-end=\"2245\" \/>\n<h3 class=\"\" data-start=\"2247\" data-end=\"2291\">\u00bfPor qu\u00e9 elegir el Aquanaut Azul Custom?<\/h3>\n<p class=\"\" data-start=\"2292\" data-end=\"2522\">\u2714 Estilo \u00fanico y fuera de cat\u00e1logo<br data-start=\"2326\" data-end=\"2329\" \/>\u2714 Movimiento funcional autom\u00e1tico de alta gama<br data-start=\"2375\" data-end=\"2378\" \/>\u2714 Caja y correa deportivas de gran comodidad<br data-start=\"2422\" data-end=\"2425\" \/>\u2714 R\u00e9plica exacta 1:1 con toque exclusivo<br data-start=\"2465\" data-end=\"2468\" \/>\u2714 Ideal para destacar con un look n\u00e1utico y elegante<\/p>\n","protected":false},"excerpt":{"rendered":"<p>Patek Philippe Aquanaut Azul 40mm \u2013 Ref. 5167 Custom | Reloj Deportivo R\u00e9plica Suiza 1:1 con Estilo N\u00e1utico Moderno Este Patek Philippe Aquanaut Azul combina el dise\u00f1o cl\u00e1sico de la colecci\u00f3n Aquanaut con un toque personalizado y moderno: esfera azul con efecto degradado, n\u00fameros ar\u00e1bigos blancos luminiscentes y correa de caucho azul deportivo. Aunque esta [&hellip;]<\/p>\n","protected":false},"featured_media":4875,"template":"","meta":{"_acf_changed":false,"om_disable_all_campaigns":false,"_uag_custom_page_level_css":"","_monsterinsights_skip_tracking":false,"_monsterinsights_sitenote_active":false,"_monsterinsights_sitenote_note":"","_monsterinsights_sitenote_category":0,"site-sidebar-layout":"default","site-content-layout":"","ast-site-content-layout":"default","site-content-style":"default","site-sidebar-style":"default","ast-global-header-display":"","ast-banner-title-visibility":"","ast-main-header-display":"","ast-hfb-above-header-display":"","ast-hfb-below-header-display":"","ast-hfb-mobile-header-display":"","site-post-title":"","ast-breadcrumbs-content":"","ast-featured-img":"","footer-sml-layout":"","ast-disable-related-posts":"","theme-transparent-header-meta":"default","adv-header-id-meta":"","stick-header-meta":"","header-above-stick-meta":"","header-main-stick-meta":"","header-below-stick-meta":"","astra-migrate-meta-layouts":"set","ast-page-background-enabled":"default","ast-page-background-meta":{"desktop":{"background-color":"var(--ast-global-color-4)","background-image":"","background-repeat":"repeat","background-position":"center center","background-size":"auto","background-attachment":"scroll","background-type":"","background-media":"","overlay-type":"","overlay-color":"","overlay-opacity":"","overlay-gradient":""},"tablet":{"background-color":"","background-image":"","background-repeat":"repeat","background-position":"center center","background-size":"auto","background-attachment":"scroll","background-type":"","background-media":"","overlay-type":"","overlay-color":"","overlay-opacity":"","overlay-gradient":""},"mobile":{"background-color":"","background-image":"","background-repeat":"repeat","background-position":"center center","background-size":"auto","background-attachment":"scroll","background-type":"","background-media":"","overlay-type":"","overlay-color":"","overlay-opacity":"","overlay-gradient":""}},"ast-content-background-meta":{"desktop":{"background-color":"var(--ast-global-color-5)","background-image":"","background-repeat":"repeat","background-position":"center center","background-size":"auto","background-attachment":"scroll","background-type":"","background-media":"","overlay-type":"","overlay-color":"","overlay-opacity":"","overlay-gradient":""},"tablet":{"background-color":"var(--ast-global-color-5)","background-image":"","background-repeat":"repeat","background-position":"center center","background-size":"auto","background-attachment":"scroll","background-type":"","background-media":"","overlay-type":"","overlay-color":"","overlay-opacity":"","overlay-gradient":""},"mobile":{"background-color":"var(--ast-global-color-5)","background-image":"","background-repeat":"repeat","background-position":"center center","background-size":"auto","background-attachment":"scroll","background-type":"","background-media":"","overlay-type":"","overlay-color":"","overlay-opacity":"","overlay-gradient":""}}},"product_brand":[],"product_cat":[33],"product_tag":[56,58],"class_list":{"0":"post-4874","1":"product","2":"type-product","3":"status-publish","4":"has-post-thumbnail","6":"product_cat-patek-philippe","7":"product_tag-patek-philippe","8":"product_tag-patek-philippe-aquanaut-40mm-ref-5168g-001","9":"desktop-align-left","10":"tablet-align-left","11":"mobile-align-left","13":"first","14":"instock","15":"shipping-taxable","16":"purchasable","17":"product-type-variable"},"acf":[],"aioseo_notices":[],"uagb_featured_image_src":{"full":["https:\/\/clonsuizo.es\/wp-content\/uploads\/2025\/05\/Rolex-GMT-Master-II-gold-jubilee-2025-05-04T211529.897.png",1030,1030,false],"thumbnail":["https:\/\/clonsuizo.es\/wp-content\/uploads\/2025\/05\/Rolex-GMT-Master-II-gold-jubilee-2025-05-04T211529.897-150x150.png",150,150,true],"medium":["https:\/\/clonsuizo.es\/wp-content\/uploads\/2025\/05\/Rolex-GMT-Master-II-gold-jubilee-2025-05-04T211529.897-300x300.png",300,300,true],"medium_large":["https:\/\/clonsuizo.es\/wp-content\/uploads\/2025\/05\/Rolex-GMT-Master-II-gold-jubilee-2025-05-04T211529.897-768x768.png",768,768,true],"large":["https:\/\/clonsuizo.es\/wp-content\/uploads\/2025\/05\/Rolex-GMT-Master-II-gold-jubilee-2025-05-04T211529.897-1024x1024.png",1024,1024,true],"1536x1536":["https:\/\/clonsuizo.es\/wp-content\/uploads\/2025\/05\/Rolex-GMT-Master-II-gold-jubilee-2025-05-04T211529.897.png",1030,1030,false],"2048x2048":["https:\/\/clonsuizo.es\/wp-content\/uploads\/2025\/05\/Rolex-GMT-Master-II-gold-jubilee-2025-05-04T211529.897.png",1030,1030,false],"mailpoet_newsletter_max":["https:\/\/clonsuizo.es\/wp-content\/uploads\/2025\/05\/Rolex-GMT-Master-II-gold-jubilee-2025-05-04T211529.897.png",1030,1030,false],"woocommerce_thumbnail":["https:\/\/clonsuizo.es\/wp-content\/uploads\/2025\/05\/Rolex-GMT-Master-II-gold-jubilee-2025-05-04T211529.897-420x420.png",420,420,true],"woocommerce_single":["https:\/\/clonsuizo.es\/wp-content\/uploads\/2025\/05\/Rolex-GMT-Master-II-gold-jubilee-2025-05-04T211529.897-380x380.png",380,380,true],"woocommerce_gallery_thumbnail":["https:\/\/clonsuizo.es\/wp-content\/uploads\/2025\/05\/Rolex-GMT-Master-II-gold-jubilee-2025-05-04T211529.897-100x100.png",100,100,true],"variation_swatches_image_size":["https:\/\/clonsuizo.es\/wp-content\/uploads\/2025\/05\/Rolex-GMT-Master-II-gold-jubilee-2025-05-04T211529.897-50x50.png",50,50,true],"variation_swatches_tooltip_size":["https:\/\/clonsuizo.es\/wp-content\/uploads\/2025\/05\/Rolex-GMT-Master-II-gold-jubilee-2025-05-04T211529.897-100x100.png",100,100,true]},"uagb_author_info":{"display_name":"Jose SoGay","author_link":"https:\/\/clonsuizo.es\/?author=0"},"uagb_comment_info":0,"uagb_excerpt":"Patek Philippe Aquanaut Azul 40mm \u2013 Ref. 5167 Custom | Reloj Deportivo R\u00e9plica Suiza 1:1 con Estilo N\u00e1utico Moderno Este Patek Philippe Aquanaut Azul combina el dise\u00f1o cl\u00e1sico de la colecci\u00f3n Aquanaut con un toque personalizado y moderno: esfera azul con efecto degradado, n\u00fameros ar\u00e1bigos blancos luminiscentes y correa de caucho azul deportivo. Aunque esta&hellip;","_links":{"self":[{"href":"https:\/\/clonsuizo.es\/index.php?rest_route=\/wp\/v2\/product\/4874"}],"collection":[{"href":"https:\/\/clonsuizo.es\/index.php?rest_route=\/wp\/v2\/product"}],"about":[{"href":"https:\/\/clonsuizo.es\/index.php?rest_route=\/wp\/v2\/types\/product"}],"version-history":[{"count":3,"href":"https:\/\/clonsuizo.es\/index.php?rest_route=\/wp\/v2\/product\/4874\/revisions"}],"predecessor-version":[{"id":5264,"href":"https:\/\/clonsuizo.es\/index.php?rest_route=\/wp\/v2\/product\/4874\/revisions\/5264"}],"wp:featuredmedia":[{"embeddable":true,"href":"https:\/\/clonsuizo.es\/index.php?rest_route=\/wp\/v2\/media\/4875"}],"wp:attachment":[{"href":"https:\/\/clonsuizo.es\/index.php?rest_route=%2Fwp%2Fv2%2Fmedia&parent=4874"}],"wp:term":[{"taxonomy":"product_brand","embeddable":true,"href":"https:\/\/clonsuizo.es\/index.php?rest_route=%2Fwp%2Fv2%2Fproduct_brand&post=4874"},{"taxonomy":"product_cat","embeddable":true,"href":"https:\/\/clonsuizo.es\/index.php?rest_route=%2Fwp%2Fv2%2Fproduct_cat&post=4874"},{"taxonomy":"product_tag","embeddable":true,"href":"https:\/\/clonsuizo.es\/index.php?rest_route=%2Fwp%2Fv2%2Fproduct_tag&post=4874"}],"curies":[{"name":"wp","href":"https:\/\/api.w.org\/{rel}","templated":true}]}}